{"id":9,"date":"2023-12-07T06:49:22","date_gmt":"2023-12-07T06:49:22","guid":{"rendered":"https:\/\/endotechaide.wpenginepowered.com\/?page_id=9"},"modified":"2023-12-07T10:26:33","modified_gmt":"2023-12-07T10:26:33","slug":"uber-endotech","status":"publish","type":"page","link":"https:\/\/endotechai.de\/","title":{"rendered":"\u00dcber EndoTech"},"content":{"rendered":"\n<p>EndoTech ist der weltweite Marktf\u00fchrer f\u00fcr alternative Investitionen. Mit Hunderten von Millionen Dollar in verschiedenen Verm\u00f6genskategorien, von Krypto bis hin zu Devisen und dar\u00fcber hinaus, ist EndoTech als f\u00fchrendes Unternehmen im Bereich der algorithmischen alternativen Investitionen anerkannt.<\/p>\n\n\n\n<p>Unsere Mission ist es, Investoren zu bef\u00e4higen, die Chancen alternativer Investitionen ohne das Risiko des Kaufs und Haltens zu nutzen. Dies erreichen wir durch fortschrittliche algorithmische technologische L\u00f6sungen, die es den Investoren erm\u00f6glichen, das Potenzial von digitalen Verm\u00f6genswerten zu nutzen.<\/p>\n\n\n\n<p><strong>Einf\u00fchrung<\/strong> <\/p>\n\n\n\n<p>EndoTech wurde 2012 gegr\u00fcndet und ist die erste echte SaaS-L\u00f6sung im Bereich des KI-gesteuerten automatisierten Handels. Mit fast einem Jahrzehnt Betrieb bietet EndoTech derzeit Kunden und Institutionen auf der ganzen Welt die ultimativen L\u00f6sungen f\u00fcr automatisierten Handel an.<\/p>\n\n\n\n<p><strong>Was wir tun <\/strong><\/p>\n\n\n\n<p>Wir entwickeln auf KI basierende Volatilit\u00e4tshandelsstrategien, die \u00fcberdurchschnittliche, nicht korrelierte Renditen in einer Reihe von Finanzanlageklassen erbringen, wobei wir die Risiko-Ertrags-Profile unserer Kunden auf zuverl\u00e4ssige, verl\u00e4ssliche und sichere Weise ber\u00fccksichtigen.<\/p>\n\n\n\n<p><strong>Unsere Vision <\/strong><\/p>\n\n\n\n<p>Wir streben danach, der leistungsst\u00e4rkste und skalierbarste Anbieter quantitativer Handelsstrategien f\u00fcr die digitale Verm\u00f6gens- und traditionelle Finanzindustrie zu werden, durch die fachkundige Anwendung von Tiefentechnologie und KI.<\/p>\n\n\n\n<figure class=\"wp-block-embed is-type-video is-provider-youtube wp-block-embed-youtube wp-embed-aspect-16-9 wp-has-aspect-ratio\"><div class=\"wp-block-embed__wrapper\">\n<iframe loading=\"lazy\" title=\"Dr. Anna Becker Explains the EndoTech Mission\" width=\"500\" height=\"281\" src=\"https:\/\/www.youtube.com\/embed\/WGcBTpYQ8Qg?feature=oembed\" frameborder=\"0\" allow=\"accelerometer; autoplay; clipboard-write; encrypted-media; gyroscope; picture-in-picture; web-share\" referrerpolicy=\"strict-origin-when-cross-origin\" allowfullscreen><\/iframe>\n<\/div><\/figure>\n","protected":false},"excerpt":{"rendered":"<p>EndoTech ist der weltweite Marktf\u00fchrer f\u00fcr alternative Investitionen. Mit Hunderten von Millionen Dollar in verschiedenen Verm\u00f6genskategorien, von Krypto bis hin zu Devisen und dar\u00fcber hinaus, ist EndoTech als f\u00fchrendes Unternehmen im Bereich der algorithmischen alternativen Investitionen anerkannt. Unsere Mission ist es, Investoren zu bef\u00e4higen, die Chancen alternativer Investitionen ohne das Risiko des Kaufs und Haltens &hellip;<\/p>\n","protected":false},"author":4,"featured_media":0,"parent":0,"menu_order":0,"comment_status":"closed","ping_status":"closed","template":"","meta":{"_genesis_block_theme_hide_title":false,"footnotes":""},"class_list":["post-9","page","type-page","status-publish","hentry","post","without-featured-image"],"yoast_head":"<!-- This site is optimized with the Yoast SEO plugin v27.3 - https:\/\/yoast.com\/product\/yoast-seo-wordpress\/ -->\n<title>Offizielle deutsche Website von EndoTech \u2013 AI Crypto Investing<\/title>\n<meta name=\"description\" content=\"EndoTech ist der weltweite Marktf\u00fchrer f\u00fcr alternative Investitionen. Besuchen Sie uns, um mehr zu erfahren.\" \/>\n<meta name=\"robots\" content=\"noindex, follow, max-snippet:-1, max-image-preview:large, max-video-preview:-1\" \/>\n<meta property=\"og:locale\" content=\"en_US\" \/>\n<meta property=\"og:type\" content=\"article\" \/>\n<meta property=\"og:title\" content=\"Offizielle deutsche Website von EndoTech \u2013 AI Crypto Investing\" \/>\n<meta property=\"og:description\" content=\"EndoTech ist der weltweite Marktf\u00fchrer f\u00fcr alternative Investitionen. Besuchen Sie uns, um mehr zu erfahren.\" \/>\n<meta property=\"og:url\" content=\"https:\/\/endotechai.de\/\" \/>\n<meta property=\"og:site_name\" content=\"\u00dcber EndoTech\" \/>\n<meta property=\"article:modified_time\" content=\"2023-12-07T10:26:33+00:00\" \/>\n<meta name=\"twitter:card\" content=\"summary_large_image\" \/>\n<meta name=\"twitter:label1\" content=\"Est. reading time\" \/>\n\t<meta name=\"twitter:data1\" content=\"1 minute\" \/>\n<script type=\"application\/ld+json\" class=\"yoast-schema-graph\">{\"@context\":\"https:\\\/\\\/schema.org\",\"@graph\":[{\"@type\":\"WebPage\",\"@id\":\"https:\\\/\\\/endotechai.de\\\/\",\"url\":\"https:\\\/\\\/endotechai.de\\\/\",\"name\":\"Offizielle deutsche Website von EndoTech \u2013 AI Crypto Investing\",\"isPartOf\":{\"@id\":\"https:\\\/\\\/endotechai.de\\\/#website\"},\"datePublished\":\"2023-12-07T06:49:22+00:00\",\"dateModified\":\"2023-12-07T10:26:33+00:00\",\"description\":\"EndoTech ist der weltweite Marktf\u00fchrer f\u00fcr alternative Investitionen. Besuchen Sie uns, um mehr zu erfahren.\",\"breadcrumb\":{\"@id\":\"https:\\\/\\\/endotechai.de\\\/#breadcrumb\"},\"inLanguage\":\"en-US\",\"potentialAction\":[{\"@type\":\"ReadAction\",\"target\":[\"https:\\\/\\\/endotechai.de\\\/\"]}]},{\"@type\":\"BreadcrumbList\",\"@id\":\"https:\\\/\\\/endotechai.de\\\/#breadcrumb\",\"itemListElement\":[{\"@type\":\"ListItem\",\"position\":1,\"name\":\"Home\",\"item\":\"https:\\\/\\\/endotechai.de\\\/\"},{\"@type\":\"ListItem\",\"position\":2,\"name\":\"\u00dcber EndoTech\"}]},{\"@type\":\"WebSite\",\"@id\":\"https:\\\/\\\/endotechai.de\\\/#website\",\"url\":\"https:\\\/\\\/endotechai.de\\\/\",\"name\":\"\u00dcber EndoTech\",\"description\":\"Intelligente KI-Kryptoinvestitionen\",\"potentialAction\":[{\"@type\":\"SearchAction\",\"target\":{\"@type\":\"EntryPoint\",\"urlTemplate\":\"https:\\\/\\\/endotechai.de\\\/?s={search_term_string}\"},\"query-input\":{\"@type\":\"PropertyValueSpecification\",\"valueRequired\":true,\"valueName\":\"search_term_string\"}}],\"inLanguage\":\"en-US\"}]}<\/script>\n<!-- \/ Yoast SEO plugin. -->","yoast_head_json":{"title":"Offizielle deutsche Website von EndoTech \u2013 AI Crypto Investing","description":"EndoTech ist der weltweite Marktf\u00fchrer f\u00fcr alternative Investitionen. Besuchen Sie uns, um mehr zu erfahren.","robots":{"index":"noindex","follow":"follow","max-snippet":"max-snippet:-1","max-image-preview":"max-image-preview:large","max-video-preview":"max-video-preview:-1"},"og_locale":"en_US","og_type":"article","og_title":"Offizielle deutsche Website von EndoTech \u2013 AI Crypto Investing","og_description":"EndoTech ist der weltweite Marktf\u00fchrer f\u00fcr alternative Investitionen. Besuchen Sie uns, um mehr zu erfahren.","og_url":"https:\/\/endotechai.de\/","og_site_name":"\u00dcber EndoTech","article_modified_time":"2023-12-07T10:26:33+00:00","twitter_card":"summary_large_image","twitter_misc":{"Est. reading time":"1 minute"},"schema":{"@context":"https:\/\/schema.org","@graph":[{"@type":"WebPage","@id":"https:\/\/endotechai.de\/","url":"https:\/\/endotechai.de\/","name":"Offizielle deutsche Website von EndoTech \u2013 AI Crypto Investing","isPartOf":{"@id":"https:\/\/endotechai.de\/#website"},"datePublished":"2023-12-07T06:49:22+00:00","dateModified":"2023-12-07T10:26:33+00:00","description":"EndoTech ist der weltweite Marktf\u00fchrer f\u00fcr alternative Investitionen. Besuchen Sie uns, um mehr zu erfahren.","breadcrumb":{"@id":"https:\/\/endotechai.de\/#breadcrumb"},"inLanguage":"en-US","potentialAction":[{"@type":"ReadAction","target":["https:\/\/endotechai.de\/"]}]},{"@type":"BreadcrumbList","@id":"https:\/\/endotechai.de\/#breadcrumb","itemListElement":[{"@type":"ListItem","position":1,"name":"Home","item":"https:\/\/endotechai.de\/"},{"@type":"ListItem","position":2,"name":"\u00dcber EndoTech"}]},{"@type":"WebSite","@id":"https:\/\/endotechai.de\/#website","url":"https:\/\/endotechai.de\/","name":"\u00dcber EndoTech","description":"Intelligente KI-Kryptoinvestitionen","potentialAction":[{"@type":"SearchAction","target":{"@type":"EntryPoint","urlTemplate":"https:\/\/endotechai.de\/?s={search_term_string}"},"query-input":{"@type":"PropertyValueSpecification","valueRequired":true,"valueName":"search_term_string"}}],"inLanguage":"en-US"}]}},"featured_image_src":null,"featured_image_src_square":null,"_links":{"self":[{"href":"https:\/\/endotechai.de\/index.php?rest_route=\/wp\/v2\/pages\/9","targetHints":{"allow":["GET"]}}],"collection":[{"href":"https:\/\/endotechai.de\/index.php?rest_route=\/wp\/v2\/pages"}],"about":[{"href":"https:\/\/endotechai.de\/index.php?rest_route=\/wp\/v2\/types\/page"}],"author":[{"embeddable":true,"href":"https:\/\/endotechai.de\/index.php?rest_route=\/wp\/v2\/users\/4"}],"replies":[{"embeddable":true,"href":"https:\/\/endotechai.de\/index.php?rest_route=%2Fwp%2Fv2%2Fcomments&post=9"}],"version-history":[{"count":0,"href":"https:\/\/endotechai.de\/index.php?rest_route=\/wp\/v2\/pages\/9\/revisions"}],"wp:attachment":[{"href":"https:\/\/endotechai.de\/index.php?rest_route=%2Fwp%2Fv2%2Fmedia&parent=9"}],"curies":[{"name":"wp","href":"https:\/\/api.w.org\/{rel}","templated":true}]}}